ppose 5*o = 2*o - r. Give c(o).
-1
Let z(j) = j + 7. Let y(r) = r + 8. Let d(b) = 6*y(b) - 5*z(b). Give d(-7).
6
Suppose 0*k - k = -16. Suppose 2*l - 2 = k. Suppose -2*d = -0*d - 5*x + 30, -l = d - x. Let m(p) = p**2 + 5*p + 6. Determine m(d).
6
Let g = -781 - -790. Let h(z) = z**2 - 5*z - 31. Determine h(g).
5
Let w be 2*(-20)/(-16)*2. Suppose 4*o + 3*y = -o + 26, 3*o + w*y - 22 = 0. Let t(a) be the first derivative of a**2 - 6*a - 1. What is t(o)?
2
Let p(x) = 9*x**2 - 27*x + 11. Let d(t) = 5*t**2 - 14*t + 5. Let j(h) = -11*d(h) + 6*p(h). Determine j(-9).
2
Let b(w) = -3*w**2 + 2*w - 1. Let l(o) be the first derivative of -o - 1/2*o**2 - 8 - 1/4*o**4 + 0*o**3. Let c be l(-1). What is b(c)?
-2
Let o(l) = 0*l - 18*l**2 + l + 0 + 17*l**2 + 7. Let n be o(3). Let x be 2 + (4 - 8/n). Let z(w) = -2*w + 1. What is z(x)?
5
Let b(k) = -7*k - 7. Let z be b(-1). Suppose 0 = p + 2*y - z*y + 5, -y - 5 = p. Let v(n) = -n**3 - 6*n**2 - 3*n + 4. Give v(p).
-6
Let p(n) be the second derivative of 1/20*n**5 + 1/2*n**4 + 0 - 5/6*n**3 - 7*n + 9/2*n**2. Let z be p(-7). Let j(y) = -2*y + 3. Determine j(z).
13
Suppose -271 = -16*w - 223. Let x(t) = -t**2 - 3*t + 7. Determine x(w).
-11
Let x = 131 + -128. Let p(z) = 5 - 1 - x + 6*z. Give p(1).
7
Let q(y) be the second derivative of -2*y**3 + y**2 - 1074*y. Let g be -1 + 0 - (-2 + 3). Calculate q(g).
26
Let x(q) = q**2 - 2*q + 8*q + 224027 - 224025. Give x(-7).
9
Let v(f) be the second derivative of 3*f**5/20 - f**4/12 + f**2/2 + f. Suppose 4*i - 19 = -5*t, -1 = -4*i - 74*t + 75*t. Calculate v(i).
3
Let x(r) = -2*r**2 + 7*r - 4. Let i(k) = k**2 - 5*k + 2. Let o(v) = -8*i(v) - 5*x(v). Let z(g) be the first derivative of o(g). Calculate z(-6).
-19
Let f(b) = b**2 - 15*b + 5. Let l = -35 - -50. What is f(l)?
5
Let n(s) = -3*s + 3 - 5 + 0. Suppose u - 2*u - 6 = 0. Let j be (-9)/u*(-16)/(-12). Calculate n(j).
-8
Let t(i) be the third derivative of i**5/60 + i**4/8 - 5*i**3/6 - i**2. Let x = 640 - 644. What is t(x)?
-1
Let k(c) = c**3 + 6*c**2 - 2*c - 7. Let r be 2/3 + -1 + 21/9. Let u be ((-30)/(-12) + -3)/(r/24). What is k(u)?
5
Let d(r) = r**3 - 11*r**2 - r - 6. Let i(q) = -q**3 + 9*q**2 + 5. Let t(h) = -3*d(h) - 4*i(h). Calculate t(3).
7
Let b(w) = 4*w**2 + 8*w - 12. Let l(d) = d**2 + 2*d - 3. Let v(m) = -2*b(m) + 9*l(m). Give v(-3).
0
Let h(l) = -8*l - 5. Let f be h(-2). Let i be 2*f/(-4)*-2. Let a(n) = -2*n**2 - i + 5 + 6. Determine a(-1).
-2
Let v(m) = m**2 - 13*m - 10. Suppose a - 3*q = 14*a - 178, -4*a - 3*q + 61 = 0. Calculate v(a).
-10
Suppose 0 = 12*a + 42*a - 378. Let t(m) be the third derivative of -1/24*m**4 + 0*m - a*m**2 + 5/6*m**3 + 0 - 1/60*m**5. Calculate t(-4).
-7
Let v(x) = 38 - 21 - 18 - 6*x. Suppose 3*n + 0*n + 6 = 0. Calculate v(n).
11
Let m = 1 - -6. Let f(z) = -6*z**3 - 9*z + 9 + m*z**2 + 2*z**3 - 3*z**3 + 6*z**3. Determine f(6).
-9
Let z(q) = -q**2 + 16*q - 9. Let t be z(9). Let x = t + -49. Let j(f) = f**3 - 4*f**2 - 5*f - 6. Calculate j(x).
-6
Let m = -115 - -107. Let g(l) = 2*l - 2. Let i(v) = -3*v + 2. Let p be (-18)/4*(-8)/(-12). Let t(a) = p*i(a) - 4*g(a). Calculate t(m).
-6
Let q be (6/9)/((-2)/(-15)). Let x(a) = 3*a + a**2 + q - 10 + 0. Give x(-5).
5
Let h(w) be the first derivative of w**4/2 + w**3/3 + w**2/2 + w + 1. Suppose 5*n + 14 = b, 7*n + 4 = -b + 3*n. Suppose -2 - 6 = b*f. What is h(f)?
-13
Let p(o) = o**2 - 17*o - 23. Suppose -5*m + 62 = 4*r, r - m = m + 22. Calculate p(r).
-5
Let n(y) = -y**2 - 6*y - 2. Let k be n(-5). Let i(z) = -4 - 2*z**2 - 22*z**3 - 2*z**2 + 0*z - 2*z + 20*z**k. Calculate i(-3).
20
Suppose 5*u = 2*m - 3*m + 72, -52 = -3*u - 5*m. Suppose g + 15 = 4*i, -u - 11 = -3*g - 2*i. Let b(z) = z**3 - 5*z**2 - z - 1. Calculate b(g).
-6
Let o(z) be the first derivative of 1/2*z**2 - 38 - z. Give o(0).
-1
Let w(x) = x**3 - 6*x + 17*x**2 - 13*x**3 + 0 - 3 - 2*x**3. Let f(b) = 5*b**3 - 6*b**2 + 2*b + 1. Let p = -12 + 23. Let t(s) = p*f(s) + 4*w(s). What is t(2)?
-5
Let u(k) be the third derivative of k**5/60 + 19*k**4/24 + 10*k**3/3 + k**2 - 54. Calculate u(-18).
2
Let t(z) = 10*z - 2*z - z - 4*z - 4*z. What is t(1)?
-1
Let j(c) = -23*c**3 + 5*c + 4*c**2 + 0*c - 1 + 41*c**3 - 19*c**3. Determine j(4).
19
Let g(y) = -3*y**2 + 8*y - 3. Let a(h) = h**2 - 2*h + 1. Let o(w) = -4*a(w) - g(w). Let z be 1/(-6) + (-11)/6. Give o(z).
-5
Suppose 46*a - 38*a = 24. Let d(o) = o**2 + o - 4. Calculate d(a).
8
Let h(y) be the first derivative of -y**2/2 + y + 6. Let f(d) = -d + 2. Let n be 4/(1*-1) + 9/3. Let q(g) = n*f(g) + 3*h(g). Calculate q(3).
-5
Let q(w) = 36*w - 13 - 35*w + 12. Let l(h) = -h**3 + h**2 + h + 5. Let i be l(0). Suppose 43 = i*m + 13. Give q(m).
5
Let t(x) = -2*x - 11. Let i(y) = 5 - 11*y - 9*y + 26*y - 5*y. Suppose -m = 4*l - 17, -5*m = 4*l - l - 17. Let z(o) = l*t(o) + 9*i(o). Calculate z(-5).
-4
Let q(n) = n**2 + 7*n - 1. Let s = 7 - 4. Let b be 2 - (-1)/(s/6). Let u be (-1*1)/(b/12). Give q(u).
-13
Let v(p) = 5455*p - 3*p**2 + 2*p**2 - p**3 - 5457*p - 2. Determine v(-2).
6
Suppose 67*p = 71*p - 48. Let b(o) = o**2 - 13*o + 5. Give b(p).
-7
Let r(c) = c**2 + 19*c + 26. Suppose 2*o = 3*l + 40, 0 = -2*l - 22*o + 18*o - 48. What is r(l)?
-22
Let p(o) = 2*o**3 - 11*o**2 - 6*o - 4. Let w(z) = 12*z**2 - z - 3*z**3 - 1 + 5 + 7*z. Suppose -9 = -4*l + 7*l. Let u(f) = l*w(f) - 4*p(f). What is u(-7)?
11
Let z(x) = -3*x**3 + 6*x**2 - 8*x + 3. Let m(f) = f**3 - f**2 + f - 1. Let g(o) = 4*m(o) + z(o). Suppose 44*i = 46*i + 3*n, 2*n = 4. Give g(i).
2
Let b(y) = 6 - y + 0*y - 4. Suppose -2*k + 2*d + 2*d + 12 = 0, 4*k + 2*d = 14. Let w = k + 2. Give b(w).
-4
Suppose -3*f = 3, -2*r = -0*r + 5*f + 15. Let y(i) = i**2 + 3*i - 4. Determine y(r).
6
Suppose 4*l - 3*w = 9*l + 27, 4 = -w. Let t(p) = -2*p**2 - p + 4. Give t(l).
-11
Suppose -6*g - 5*g = 77. Let x(s) = s**2 + 6*s + 9. Calculate x(g).
16
Let x(g) = 4*g - 133*g**2 - 140*g**2 + 1 + 274*g**2. Determine x(-2).
-3
Let a(s) be the first derivative of s**4/12 + s**3/2 + s**2 - 5*s + 2. Let j(n) be the first derivative of a(n). Give j(-3).
2
Let t = 64 + -62. Let g be ((-4)/3)/((-8)/12). Suppose 4*d + 10 = r, t*d - 3*d = g*r - 11. Let y(m) = m - 5. Give y(r).
1
Let u(w) = -w**2 - 10*w - 1. Let t(v) = -v**2 - 8*v - 1. Let o(a) = -4*t(a) + 3*u(a). Calculate o(3).
16
Let d(q) = -2*q**3 - q**2 - 1. Suppose -23 = -4*g - 2*t - 3*t, -4*t = -g - 10. Let k(b) = 2*b**3 + 1. Let s(u) = g*d(u) + 3*k(u). Determine s(-1).
-3
Suppose 0 = 4*j - 2*g - 16, -3*j - 191 + 202 = -g. Let a(h) = 2*h**2 - 6*h + 1. What is a(j)?
1
Suppose -b - 6 + 0 = 3*x, -2*x = -5*b + 55. Suppose -3*u - 15 = 0, -2*v - 3*u = 2*u + b. Let i(y) = y**3 - 9*y**2 + 9*y - 2. Determine i(v).
6
Suppose 8*q - 12*q = 0. Let r(i) = i + 8. Determine r(q).
8
Let z(m) = m**2 + 5*m. Let n be (2 - (-6)/(-5))/((-12)/90). What is z(n)?
6
Let s = 75 + -79. Let g(a) = -6*a**2 + 6*a - 9. Let n(h) = -5*h**2 + 5*h - 9. Let d(p) = s*g(p) + 5*n(p). Calculate d(0).
-9
Suppose -6*x + 36 = -0*x. Let j(t) = 0*t**2 - 1 - t**2 + x*t**2. Give j(1).
4
Let n(h) = -3*h**2 - 3*h - 2. Let b be (-2*5/4)/(1/(-2)). Suppose -b*p + 7 = 17. Give n(p).
-8
Let s(b) = b + 9. Let t be ((-20)/(-15))/((-2)/6). Let u be s(t). Let c(y) = -u*y - 4 - y**2 - 5 - 3*y. What is c(-6)?
3
Let w(f) = f**3 + 4*f**2 - 4*f + 16. Let y(i) be the first derivative of -i**3/3 + i**2/2 + i - 37. Let g(x) = w(x) - 5*y(x). Give g(-10).
1
Let o(h) = -3*h**2 + 7*h - 5. Suppose 211 - 191 = 5*x. What is o(x)?
-25
Let d(z) = -z**2 - 7*z + 14. Let c be d(-8). Suppose 1 = 4*n + 3*j, 3*j - c*j = -n + 4. Let a(t) = 6*t + 2*t - 2 + n. Determine a(1).
7
Let s(q) = 2*q + 14. Let f be s(-6). Let u(m) = -5*m**2 + 3*m - 2. Calculate u(f).
-16
Let h(y) = -2*y - 1768*y**3 - 2*y**2 + 4*y**2 + 2 + 1774*y**3 - 2*y**2. What is h(1)?
6
Let b(s) = -7 + s**3 + s + 4*s**2 + 3*s**2 + 3*s. Let z be -2 + 7/((-21)/(-36)). Suppose z = -9*k - 44. Determine b(k).
5
Let j be ((-40)/(-30))/(2/9). Let n be (50/25)/((-2)/j). Let s(l) = l**2 + 5*l + 3. Give s(n).
9
Let y(w) = -5*w**2 + 8*w - 9. Let k(q) = -6*q**2 + 7*q - 8. Let o(x) = -4*k(x) + 5*y(x). What is o(11)?
-2
Let h(w) be the third derivative of -w**5/60 - 5*w**4/12 - w**3/3 - 83*w**2. Determine h(-4).
22
Let w(o) = o**2 - o + 4. Suppose -r - 3*r = 16. Let u be (2 - -4)/((-6)/r). Determine w(u).
16
Suppose 4*u = -0*u